{"id":79,"date":"2018-03-06T15:55:32","date_gmt":"2018-03-06T14:55:32","guid":{"rendered":"http:\/\/verneuil-nievre.com\/?page_id=79"},"modified":"2026-03-17T11:42:36","modified_gmt":"2026-03-17T10:42:36","slug":"aappma-le-goujon","status":"publish","type":"page","link":"https:\/\/verneuil-nievre.com\/?page_id=79","title":{"rendered":"AAPPMA Le Goujon de Verneuil"},"content":{"rendered":"<p><strong>\u00a0<\/strong>Les cartes de p\u00eache sont disponibles aupr\u00e8s de V\u00e9ronique Bernier \u00e0 la Mairie, \u00e0 l\u2019Abri du P\u00eacheur chez Henri Comp\u00e8re, et chez Bernard Pell\u00e9.<\/p>\n<p>\u00ab\u00a0 Le pr\u00e9sident du Goujon \u00ab<\/p>\n<p>Pr\u00e9sident : Bernard PELLE 03 86 50 54 98<\/p>\n","protected":false},"excerpt":{"rendered":"<p>\u00a0Les cartes de p\u00eache sont disponibles aupr\u00e8s de V\u00e9ronique Bernier \u00e0 la Mairie, \u00e0 l\u2019Abri du P\u00eacheur chez Henri Comp\u00e8re, et chez Bernard Pell\u00e9. \u00ab\u00a0 Le pr\u00e9sident du Goujon \u00ab Pr\u00e9sident : Bernard PELLE 03 86 50 54 98<\/p>\n","protected":false},"author":1,"featured_media":0,"parent":74,"menu_order":0,"comment_status":"closed","ping_status":"closed","template":"","meta":{"footnotes":""},"class_list":["post-79","page","type-page","status-publish","hentry"],"_links":{"self":[{"href":"https:\/\/verneuil-nievre.com\/index.php?rest_route=\/wp\/v2\/pages\/79","targetHints":{"allow":["GET"]}}],"collection":[{"href":"https:\/\/verneuil-nievre.com\/index.php?rest_route=\/wp\/v2\/pages"}],"about":[{"href":"https:\/\/verneuil-nievre.com\/index.php?rest_route=\/wp\/v2\/types\/page"}],"author":[{"embeddable":true,"href":"https:\/\/verneuil-nievre.com\/index.php?rest_route=\/wp\/v2\/users\/1"}],"replies":[{"embeddable":true,"href":"https:\/\/verneuil-nievre.com\/index.php?rest_route=%2Fwp%2Fv2%2Fcomments&post=79"}],"version-history":[{"count":5,"href":"https:\/\/verneuil-nievre.com\/index.php?rest_route=\/wp\/v2\/pages\/79\/revisions"}],"predecessor-version":[{"id":1767,"href":"https:\/\/verneuil-nievre.com\/index.php?rest_route=\/wp\/v2\/pages\/79\/revisions\/1767"}],"up":[{"embeddable":true,"href":"https:\/\/verneuil-nievre.com\/index.php?rest_route=\/wp\/v2\/pages\/74"}],"wp:attachment":[{"href":"https:\/\/verneuil-nievre.com\/index.php?rest_route=%2Fwp%2Fv2%2Fmedia&parent=79"}],"curies":[{"name":"wp","href":"https:\/\/api.w.org\/{rel}","templated":true}]}}

<p><strong> </strong>Les cartes de pêche sont disponibles auprès de Véronique Bernier à la Mairie, à l’Abri du Pêcheur chez Henri Compère, et chez Bernard Pellé.</p>
<p>«  Le président du Goujon «</p>
<p>Président : Bernard PELLE 03 86 50 54 98</p>

<p> Les cartes de pêche sont disponibles auprès de Véronique Bernier à la Mairie, à l’Abri du Pêcheur chez Henri Compère, et chez Bernard Pellé. «  Le président du Goujon « Président : Bernard PELLE 03 86 50 54 98</p>
