{"id":76,"date":"2018-03-06T15:54:19","date_gmt":"2018-03-06T14:54:19","guid":{"rendered":"http:\/\/verneuil-nievre.com\/?page_id=76"},"modified":"2026-04-13T09:24:22","modified_gmt":"2026-04-13T07:24:22","slug":"comite-des-fetes-verneuil-association-loisir-detente","status":"publish","type":"page","link":"https:\/\/verneuil-nievre.com\/?page_id=76","title":{"rendered":"Comit\u00e9 des f\u00eates &#8211; Verneuil association Loisirs D\u00e9tente"},"content":{"rendered":"<p>Le comit\u00e9 des f\u00eates organise belote, repas, vide greniers, No\u00ebl des enfants&#8230;.<\/p>\n<p>Pr\u00e9sident : en cours de r\u00e9election<\/p>\n<p>https:\/\/www.facebook.com\/people\/Comit%C3%A9-des-F%C3%AAtes-Verneuillois\/100094460170574\/<\/p>\n\n\n<p><\/p>\n","protected":false},"excerpt":{"rendered":"<p>Le comit\u00e9 des f\u00eates organise belote, repas, vide greniers, No\u00ebl des enfants&#8230;. Pr\u00e9sident : en cours de r\u00e9election https:\/\/www.facebook.com\/people\/Comit%C3%A9-des-F%C3%AAtes-Verneuillois\/100094460170574\/<\/p>\n","protected":false},"author":1,"featured_media":0,"parent":74,"menu_order":0,"comment_status":"closed","ping_status":"closed","template":"","meta":{"footnotes":""},"class_list":["post-76","page","type-page","status-publish","hentry"],"_links":{"self":[{"href":"https:\/\/verneuil-nievre.com\/index.php?rest_route=\/wp\/v2\/pages\/76","targetHints":{"allow":["GET"]}}],"collection":[{"href":"https:\/\/verneuil-nievre.com\/index.php?rest_route=\/wp\/v2\/pages"}],"about":[{"href":"https:\/\/verneuil-nievre.com\/index.php?rest_route=\/wp\/v2\/types\/page"}],"author":[{"embeddable":true,"href":"https:\/\/verneuil-nievre.com\/index.php?rest_route=\/wp\/v2\/users\/1"}],"replies":[{"embeddable":true,"href":"https:\/\/verneuil-nievre.com\/index.php?rest_route=%2Fwp%2Fv2%2Fcomments&post=76"}],"version-history":[{"count":12,"href":"https:\/\/verneuil-nievre.com\/index.php?rest_route=\/wp\/v2\/pages\/76\/revisions"}],"predecessor-version":[{"id":1829,"href":"https:\/\/verneuil-nievre.com\/index.php?rest_route=\/wp\/v2\/pages\/76\/revisions\/1829"}],"up":[{"embeddable":true,"href":"https:\/\/verneuil-nievre.com\/index.php?rest_route=\/wp\/v2\/pages\/74"}],"wp:attachment":[{"href":"https:\/\/verneuil-nievre.com\/index.php?rest_route=%2Fwp%2Fv2%2Fmedia&parent=76"}],"curies":[{"name":"wp","href":"https:\/\/api.w.org\/{rel}","templated":true}]}}