{"id":60,"date":"2018-03-06T13:38:22","date_gmt":"2018-03-06T12:38:22","guid":{"rendered":"http:\/\/verneuil-nievre.com\/?page_id=60"},"modified":"2026-04-13T09:21:25","modified_gmt":"2026-04-13T07:21:25","slug":"les-delegations-et-commissions","status":"publish","type":"page","link":"https:\/\/verneuil-nievre.com\/?page_id=60","title":{"rendered":"Les d\u00e9l\u00e9gations et commissions"},"content":{"rendered":"<p><strong>COMMUNAUTE DE COMMUNES DU SUD NIVERNAIS<\/strong> Titulaire : David COLAS Suppl\u00e9ante : B\u00e9atrice BAVART<\/p>\n<p><strong>Syndicat du CEG de CERCY LA TOUR :<\/strong> Sylvie GIRARD<\/p>\n<p><strong>Correspondant D\u00e9fense\u00a0 <\/strong>David COLAS<\/p>\n<p><strong>Centre social de Decize : <\/strong>B\u00e9atrice BAVART<\/p>\n<p><strong>SIAEP du val d\u2019Aron :<\/strong>\u00a0 C\u00e9cile BENOIST d\u2019AZY, St\u00e9phane SAUVIGNON<\/p>\n<p><strong>SIEEEN :\u00a0<\/strong>C\u00e9cile BENOIST d4AZY, Florent POINT, Ang\u00e9lique MORAND<\/p>\n<p><strong>\u00a0<\/strong><\/p>\n","protected":false},"excerpt":{"rendered":"<p>COMMUNAUTE DE COMMUNES DU SUD NIVERNAIS Titulaire : David COLAS Suppl\u00e9ante : B\u00e9atrice BAVART Syndicat du CEG de CERCY LA TOUR : Sylvie GIRARD Correspondant D\u00e9fense\u00a0 David COLAS Centre social de Decize : B\u00e9atrice BAVART SIAEP du val d\u2019Aron :\u00a0 <a class=\"more-link\" href=\"https:\/\/verneuil-nievre.com\/?page_id=60\">Continuer la lecture <span class=\"screen-reader-text\">  Les d\u00e9l\u00e9gations et commissions<\/span><span class=\"meta-nav\">&rarr;<\/span><\/a><\/p>\n","protected":false},"author":3,"featured_media":0,"parent":53,"menu_order":0,"comment_status":"closed","ping_status":"closed","template":"","meta":{"footnotes":""},"class_list":["post-60","page","type-page","status-publish","hentry"],"_links":{"self":[{"href":"https:\/\/verneuil-nievre.com\/index.php?rest_route=\/wp\/v2\/pages\/60","targetHints":{"allow":["GET"]}}],"collection":[{"href":"https:\/\/verneuil-nievre.com\/index.php?rest_route=\/wp\/v2\/pages"}],"about":[{"href":"https:\/\/verneuil-nievre.com\/index.php?rest_route=\/wp\/v2\/types\/page"}],"author":[{"embeddable":true,"href":"https:\/\/verneuil-nievre.com\/index.php?rest_route=\/wp\/v2\/users\/3"}],"replies":[{"embeddable":true,"href":"https:\/\/verneuil-nievre.com\/index.php?rest_route=%2Fwp%2Fv2%2Fcomments&post=60"}],"version-history":[{"count":7,"href":"https:\/\/verneuil-nievre.com\/index.php?rest_route=\/wp\/v2\/pages\/60\/revisions"}],"predecessor-version":[{"id":1826,"href":"https:\/\/verneuil-nievre.com\/index.php?rest_route=\/wp\/v2\/pages\/60\/revisions\/1826"}],"up":[{"embeddable":true,"href":"https:\/\/verneuil-nievre.com\/index.php?rest_route=\/wp\/v2\/pages\/53"}],"wp:attachment":[{"href":"https:\/\/verneuil-nievre.com\/index.php?rest_route=%2Fwp%2Fv2%2Fmedia&parent=60"}],"curies":[{"name":"wp","href":"https:\/\/api.w.org\/{rel}","templated":true}]}}

Les délégations et commissions

<p><strong>COMMUNAUTE DE COMMUNES DU SUD NIVERNAIS</strong> Titulaire : David COLAS Suppléante : Béatrice BAVART</p>
<p><strong>Syndicat du CEG de CERCY LA TOUR :</strong> Sylvie GIRARD</p>
<p><strong>Correspondant Défense  </strong>David COLAS</p>
<p><strong>Centre social de Decize : </strong>Béatrice BAVART</p>
<p><strong>SIAEP du val d’Aron :</strong>  Cécile BENOIST d’AZY, Stéphane SAUVIGNON</p>
<p><strong>SIEEEN : </strong>Cécile BENOIST d4AZY, Florent POINT, Angélique MORAND</p>
<p><strong> </strong></p>

<p>COMMUNAUTE DE COMMUNES DU SUD NIVERNAIS Titulaire : David COLAS Suppléante : Béatrice BAVART Syndicat du CEG de CERCY LA TOUR : Sylvie GIRARD Correspondant Défense  David COLAS Centre social de Decize : Béatrice BAVART SIAEP du val d’Aron :  <a class="more-link" href="https://verneuil-nievre.com/?page_id=60">Continuer la lecture <span class="screen-reader-text">  Les délégations et commissions</span><span class="meta-nav">&rarr;</span></a></p>
